 of 30484575?
True
Is 20 a factor of 386427654?
False
Does 14 divide 12990698?
True
Is 19274706 a multiple of 9?
True
Is 138 a factor of 15252174?
True
Is 13 a factor of 545527710?
True
Is 90 a factor of 9273330?
True
Does 835 divide 1253682243?
False
Is 54 a factor of 533485106?
False
Is 2380 a factor of 119987700?
True
Does 1228 divide 47558527?
False
Is 3352 a factor of 457410568?
True
Is 16001268 a multiple of 228?
True
Is 485 a factor of 9497970?
False
Is 11499650 a multiple of 2822?
True
Is 3453 a factor of 135896268?
True
Is 5992616 a multiple of 14?
True
Is 260812772 a multiple of 38?
True
Is 33135511 a multiple of 20?
False
Is 305259410 a multiple of 327?
False
Is 6272260 a multiple of 4?
True
Is 161039366 a multiple of 1538?
True
Is 1376 a factor of 486770400?
False
Is 36232992 a multiple of 291?
True
Is 2637612 a multiple of 61?
False
Does 112 divide 89982213?
False
Is 24 a factor of 2873760?
True
Does 67 divide 157273857?
True
Does 41 divide 3833877979?
True
Is 271 a factor of 15458003?
False
Does 29 divide 112502600?
True
Is 13 a factor of 114284131?
True
Does 59 divide 288471414?
True
Is 26 a factor of 29523312?
True
Is 1004800728 a multiple of 3334?
False
Is 51755 a multiple of 45?
False
Does 1361 divide 697841862?
True
Is 19 a factor of 42665030?
False
Does 69 divide 222561777?
True
Is 183666708 a multiple of 612?
True
Is 583090900 a multiple of 175?
True
Is 188 a factor of 15508872?
True
Is 110225979 a multiple of 131?
False
Does 311 divide 528431296?
True
Is 234236883 a multiple of 19?
True
Is 52 a factor of 13628836?
True
Does 33 divide 32928126?
True
Is 97390493 a multiple of 63?
False
Does 384 divide 2193729024?
True
Is 40983019 a multiple of 77?
True
Is 1417 a factor of 60794368?
False
Is 11 a factor of 1618860562?
True
Is 39 a factor of 3790719?
False
Is 183 a factor of 644655015?
True
Does 59 divide 80789762?
True
Does 24 divide 1077074467?
False
Is 148952490 a multiple of 30?
True
Does 9 divide 488705979?
False
Is 3990 a factor of 2254781275?
False
Is 109 a factor of 85901156?
True
Is 6 a factor of 278283108?
True
Does 44 divide 48829220?
True
Is 14 a factor of 751751000?
True
Is 541 a factor of 3217953478?
True
Is 27194217 a multiple of 406?
False
Is 18 a factor of 42804577?
False
Does 2718 divide 895697170?
False
Is 783127132 a multiple of 1409?
False
Does 174 divide 140194062?
True
Is 30 a factor of 22588070?
False
Does 5 divide 39277785?
True
Is 18 a factor of 22967906?
False
Does 345 divide 785467020?
True
Does 162 divide 9016596?
True
Is 39 a factor of 326360034?
True
Does 895 divide 15543801?
False
Does 600 divide 33139397?
False
Does 295 divide 207290305?
True
Is 15 a factor of 322877010?
True
Is 8576 a factor of 487691392?
True
Is 26 a factor of 19344?
True
Is 2892879241 a multiple of 12?
False
Is 1011 a factor of 6685743?
True
Is 10366515 a multiple of 6?
False
Is 2017 a factor of 115023459?
True
Does 11 divide 111625900?
False
Is 11 a factor of 93140072?
False
Is 143 a factor of 46332273?
False
Is 20949714 a multiple of 55?
False
Is 255333722 a multiple of 14?
True
Is 80489220 a multiple of 510?
True
Is 47 a factor of 262843505?
True
Is 2 a factor of 19479992?
True
Is 1107856827 a multiple of 31?
True
Does 2 divide 2472820?
True
Does 3821 divide 1057752146?
True
Is 10980160 a multiple of 64?
True
Is 381 a factor of 1816729128?
False
Is 73626562 a multiple of 244?
False
Is 422827396 a multiple of 25?
False
Does 143 divide 9923914?
True
Is 2337 a factor of 1558091922?
True
Does 141 divide 123797596?
False
Is 181 a factor of 82563526?
False
Does 13 divide 5862129?
True
Does 11197 divide 2304185842?
True
Is 9497 a factor of 1065612007?
False
Is 9192923 a multiple of 9?
False
Is 3556313475 a multiple of 345?
True
Is 989116741 a multiple of 50?
False
Does 63 divide 407802806?
False
Is 12628770 a multiple of 35?
True
Is 4 a factor of 5891102?
False
Is 191513898 a multiple of 39?
False
Is 83391345 a multiple of 9?
True
Does 6 divide 44709637?
False
Is 1284728796 a multiple of 27?
True
Is 140140650 a multiple of 4580?
False
Does 54 divide 149531400?
True
Is 606 a factor of 6595704?
True
Does 3627 divide 177538263?
False
Is 98 a factor of 95716228?
False
Is 103327070 a multiple of 709?
False
Is 17804905 a multiple of 5?
True
Is 3887148435 a multiple of 465?
True
Is 121540116 a multiple of 148?
True
Is 96 a factor of 70309553?
False
Does 24 divide 10865754?
False
Does 20 divide 2019480?
True
Is 47 a factor of 35694842?
False
Does 3965 divide 237701750?
True
Does 347 divide 97590627?
True
Is 11 a factor of 34459059?
False
Does 18 divide 36821305?
False
Is 650061041 a multiple of 159?
False
Is 121 a factor of 628349820?
False
Does 35 divide 1551900?
True
Is 51974043 a multiple of 33?
True
Is 14 a factor of 17404472?
False
Is 14 a factor of 9766120?
True
Does 314 divide 65806550?
True
Is 85124496 a multiple of 19?
False
Is 67331118 a multiple of 2227?
True
Is 57 a factor of 115030446?
True
Is 67 a factor of 144144902?
False
Is 4 a factor of 1454258091?
False
Is 265146596 a multiple of 572?
True
Does 259 divide 9221695?
True
Is 370648448 a multiple of 8?
True
Does 40 divide 172773626?
False
Does 14 divide 12350786?
True
Is 802 a factor of 13655881?
False
Does 493 divide 1926631013?
False
Is 5522 a factor of 294753316?
True
Is 412 a factor of 122120920?
True
Does 1428 divide 586985800?
False
Is 202 a factor of 60426475?
False
Is 14413080 a multiple of 537?
True
Does 26 divide 11952382?
True
Is 19 a factor of 75841782?
False
Is 68260627 a multiple of 67?
False
Is 10097894 a multiple of 27?
False
Is 34320492 a multiple of 9?
True
Is 98897760 a multiple of 208?
True
Is 4492 a factor of 150651503?
False
Does 31 divide 2353717003?
False
Does 1478 divide 1323027537?
False
Is 95830944 a multiple of 11?
True
Does 263 divide 237795527?
False
Does 22 divide 2616435?
False
Is 13 a factor of 79753155?
False
Is 58874625 a multiple of 129?
False
Is 9 a factor of 47505558?
False
Does 617 divide 31143692?
True
Is 4969563 a multiple of 6?
False
Is 7 a factor of 2895123?
True
Is 63 a factor of 174806947?
False
Is 17354157 a multiple of 170?
False
Is 2672229631 a multiple of 103?
True
Does 10 divide 343116670?
True
Does 10 divide 1246741329?
False
Is 193061552 a multiple of 1648?
True
Is 176087465 a multiple of 265?
True
Is 38312735 a multiple of 1828?
False
Is 15 a factor of 20172120?
True
Does 146 divide 10008884?
True
Is 43 a factor of 724409022?
False
Does 229 divide 125996487?
True
Is 70543673 a multiple of 92?
False
Is 50 a factor of 6966600?
True
Is 954 a factor of 2797298217?
False
Does 15 divide 977844600?
True
Is 3 a factor of 434442672?
True
Is 15 a factor of 71398050?
True
Is 1141116798 a multiple of 905?
False
Is 11003908 a multiple of 82?
True
Is 1268 a factor of 210520987?
False
Is 5191312 a multiple of 28?
True
Is 4899825 a multiple of 61?
True
Is 23743030 a multiple of 9?
False
Does 328 divide 1289368?
True
Is 5088332 a multiple of 6?
False
Is 166 a factor of 13720398?
True
Is 143 a factor of 85077850?
True
Is 15443580 a multiple of 361?
True
Is 203568196 a multiple of 1724?
True
Is 13731949 a multiple of 809?
False
Is 968136 a multiple of 15?
False
Is 68377565 a multiple of 104?
False
Is 976694663 a multiple of 7?
True
Is 64 a factor of 3233177408?
True
Does 201 divide 2109974135?
False
Is 119894693 a multiple of 50?
False
Is 76 a factor of 216981368?
True
Is 1312808955 a multiple of 1051?
False
Is 1827302256 a multiple of 17?
True
Does 55 divide 246460?
False
Does 290 divide 61636330?
False
Is 64432227 a multiple of 90?
False
Is 4023068 a multiple of 4?
True
Does 219 divide 4690553?
False
Is 792 a factor of 175629744?
False
Does 752 divide 49341728?
True
Does 74 divide 535839254?
True
Is 206288920 a multiple of 4406?
True
Does 135 divide 198738225?
True
Is 18 a factor of 3821220?
True
Is 15115848 a multiple of 264?
True
Is 575 a factor of 104275100?
True
Does 2198 divide 25072586?
True
Does 85 divide 44281685?
True
Does 48 divide 8169071?
False
Does 819 divide 2101310?
False
Does 46 divide 1573563279?
False
Is 36 a factor of 764337384?
True
Is 1845242893 a multiple of 247?
True
Is 1413363015 a multiple of 60?
False
Is 418 a factor of 9638244?
True
Does 14 divide 57847384?
True
Is 1409 a factor of 13197241?
False
Is 53 